{"id":13172,"date":"2024-04-26T11:19:59","date_gmt":"2024-04-26T11:19:59","guid":{"rendered":"https:\/\/fiosulmalhas.com.br\/site\/?post_type=product&#038;p=13172"},"modified":"2026-04-13T17:09:38","modified_gmt":"2026-04-13T17:09:38","slug":"303-new-way","status":"publish","type":"product","link":"https:\/\/fiosulmalhas.com.br\/site\/produto\/303-new-way\/","title":{"rendered":"303 NEW WAY"},"content":{"rendered":"\t\t<div data-elementor-type=\"product-post\" data-elementor-id=\"13172\" class=\"elementor elementor-13172\" data-elementor-post-type=\"product\">\n\t\t\t\t<div class=\"elementor-element elementor-element-3f7ebc9 e-flex e-con-boxed wpr-particle-no wpr-sticky-section-no e-con e-parent\" data-id=\"3f7ebc9\" data-element_type=\"container\" data-e-type=\"container\" data-settings=\"{&quot;jet_parallax_layout_list&quot;:[]}\">\n\t\t\t\t\t<div class=\"e-con-inner\">\n\t\t\t\t<div class=\"elementor-element elementor-element-4e142c5f elementor-widget elementor-widget-text-editor\" data-id=\"4e142c5f\" data-element_type=\"widget\" data-e-type=\"widget\" data-widget_type=\"text-editor.default\">\n\t\t\t\t<div class=\"elementor-widget-container\">\n\t\t\t\t\t\t\t\t\t<p><span style=\"font-weight: 400;\">NEW WAY combina poli\u00e9ster e viscose em uma base leve, com toque macio e confort\u00e1vel. Sua composi\u00e7\u00e3o equilibra resist\u00eancia e fluidez, favorecendo o caimento e o uso no dia a dia. Apresenta boa solidez de cor, contribuindo para a manuten\u00e7\u00e3o da apar\u00eancia das pe\u00e7as ao longo do tempo.<br \/><\/span><\/p>\t\t\t\t\t\t\t\t<\/div>\n\t\t\t\t<\/div>\n\t\t\t\t\t<\/div>\n\t\t\t\t<\/div>\n\t\t\t\t<\/div>\n\t\t","protected":false},"excerpt":{"rendered":"<p>NEW WAY combina poli\u00e9ster e viscose em uma base leve, com toque macio e confort\u00e1vel. Sua composi\u00e7\u00e3o equilibra resist\u00eancia e fluidez, favorecendo o caimento e o uso no dia a dia. Apresenta boa solidez de cor, contribuindo para a manuten\u00e7\u00e3o da apar\u00eancia das pe\u00e7as ao longo do tempo.<\/p>\n","protected":false},"featured_media":23808,"template":"","product_brand":[],"product_cat":[45],"product_tag":[],"class_list":{"0":"post-13172","1":"product","2":"type-product","3":"status-publish","4":"has-post-thumbnail","6":"product_cat-poliester-c-viscose","8":"first","9":"instock","10":"shipping-taxable","11":"product-type-simple"},"_links":{"self":[{"href":"https:\/\/fiosulmalhas.com.br\/site\/wp-json\/wp\/v2\/product\/13172","targetHints":{"allow":["GET"]}}],"collection":[{"href":"https:\/\/fiosulmalhas.com.br\/site\/wp-json\/wp\/v2\/product"}],"about":[{"href":"https:\/\/fiosulmalhas.com.br\/site\/wp-json\/wp\/v2\/types\/product"}],"version-history":[{"count":17,"href":"https:\/\/fiosulmalhas.com.br\/site\/wp-json\/wp\/v2\/product\/13172\/revisions"}],"predecessor-version":[{"id":24922,"href":"https:\/\/fiosulmalhas.com.br\/site\/wp-json\/wp\/v2\/product\/13172\/revisions\/24922"}],"wp:featuredmedia":[{"embeddable":true,"href":"https:\/\/fiosulmalhas.com.br\/site\/wp-json\/wp\/v2\/media\/23808"}],"wp:attachment":[{"href":"https:\/\/fiosulmalhas.com.br\/site\/wp-json\/wp\/v2\/media?parent=13172"}],"wp:term":[{"taxonomy":"product_brand","embeddable":true,"href":"https:\/\/fiosulmalhas.com.br\/site\/wp-json\/wp\/v2\/product_brand?post=13172"},{"taxonomy":"product_cat","embeddable":true,"href":"https:\/\/fiosulmalhas.com.br\/site\/wp-json\/wp\/v2\/product_cat?post=13172"},{"taxonomy":"product_tag","embeddable":true,"href":"https:\/\/fiosulmalhas.com.br\/site\/wp-json\/wp\/v2\/product_tag?post=13172"}],"curies":[{"name":"wp","href":"https:\/\/api.w.org\/{rel}","templated":true}]}}