{"id":6164,"date":"2022-10-11T22:58:35","date_gmt":"2022-10-11T22:58:35","guid":{"rendered":"https:\/\/fiosulmalhas.com.br\/site\/index.php\/product\/242-suedine\/"},"modified":"2026-03-12T14:29:10","modified_gmt":"2026-03-12T14:29:10","slug":"242","status":"publish","type":"product","link":"https:\/\/fiosulmalhas.com.br\/site\/produto\/242\/","title":{"rendered":"\u00a0242 SUEDINE"},"content":{"rendered":"<p>Suedine \u00e9 uma base de constru\u00e7\u00e3o dupla, resultando em uma malha mais robusta, caracterizada por um toque extremamente macio. Al\u00e9m de sua qualidade sensorial, destaca-se por ser uma escolha ecologicamente correta, fabricada com Algod\u00e3o Sustent\u00e1vel BCI. Este artigo \u00e9 amplamente apreciado no mercado masculino e tamb\u00e9m se sobressai em outros segmentos, como moda casual feminina e infantil, oferecendo resultados excepcionais em termos de conforto e estilo.<\/p>\n<p>&nbsp;<\/p>\n<p>&nbsp;<\/p>\n","protected":false},"excerpt":{"rendered":"<p>Suedine \u00e9 uma base de constru\u00e7\u00e3o dupla, resultando em uma malha mais robusta, caracterizada por um toque extremamente macio. Al\u00e9m de sua qualidade sensorial, destaca-se por ser uma escolha ecologicamente correta, fabricada com Algod\u00e3o Sustent\u00e1vel BCI. Este artigo \u00e9 amplamente apreciado no mercado masculino e tamb\u00e9m se sobressai em outros segmentos, como moda casual feminina e infantil, oferecendo resultados excepcionais em termos de conforto e estilo. &nbsp; &nbsp;<\/p>\n","protected":false},"featured_media":24178,"template":"","product_brand":[],"product_cat":[187],"product_tag":[],"class_list":{"0":"post-6164","1":"product","2":"type-product","3":"status-publish","4":"has-post-thumbnail","6":"product_cat-ultima-oportunidade","7":"pa_cores-roxo","8":"pa_cores-verde","10":"first","11":"instock","12":"virtual","13":"product-type-simple"},"_links":{"self":[{"href":"https:\/\/fiosulmalhas.com.br\/site\/wp-json\/wp\/v2\/product\/6164","targetHints":{"allow":["GET"]}}],"collection":[{"href":"https:\/\/fiosulmalhas.com.br\/site\/wp-json\/wp\/v2\/product"}],"about":[{"href":"https:\/\/fiosulmalhas.com.br\/site\/wp-json\/wp\/v2\/types\/product"}],"version-history":[{"count":26,"href":"https:\/\/fiosulmalhas.com.br\/site\/wp-json\/wp\/v2\/product\/6164\/revisions"}],"predecessor-version":[{"id":24179,"href":"https:\/\/fiosulmalhas.com.br\/site\/wp-json\/wp\/v2\/product\/6164\/revisions\/24179"}],"wp:featuredmedia":[{"embeddable":true,"href":"https:\/\/fiosulmalhas.com.br\/site\/wp-json\/wp\/v2\/media\/24178"}],"wp:attachment":[{"href":"https:\/\/fiosulmalhas.com.br\/site\/wp-json\/wp\/v2\/media?parent=6164"}],"wp:term":[{"taxonomy":"product_brand","embeddable":true,"href":"https:\/\/fiosulmalhas.com.br\/site\/wp-json\/wp\/v2\/product_brand?post=6164"},{"taxonomy":"product_cat","embeddable":true,"href":"https:\/\/fiosulmalhas.com.br\/site\/wp-json\/wp\/v2\/product_cat?post=6164"},{"taxonomy":"product_tag","embeddable":true,"href":"https:\/\/fiosulmalhas.com.br\/site\/wp-json\/wp\/v2\/product_tag?post=6164"}],"curies":[{"name":"wp","href":"https:\/\/api.w.org\/{rel}","templated":true}]}}