{"id":6180,"date":"2022-10-11T22:58:35","date_gmt":"2022-10-11T22:58:35","guid":{"rendered":"https:\/\/fiosulmalhas.com.br\/site\/index.php\/product\/108-moletom-flanelado-ramado\/"},"modified":"2026-04-14T11:47:53","modified_gmt":"2026-04-14T11:47:53","slug":"108","status":"publish","type":"product","link":"https:\/\/fiosulmalhas.com.br\/site\/produto\/108\/","title":{"rendered":"108 MOLETOM FLANELADO RAMADO"},"content":{"rendered":"\t\t<div data-elementor-type=\"product-post\" data-elementor-id=\"6180\" class=\"elementor elementor-6180\" data-elementor-post-type=\"product\">\n\t\t\t\t<div class=\"elementor-element elementor-element-1a3bf7d3 e-flex e-con-boxed wpr-particle-no wpr-sticky-section-no e-con e-parent\" data-id=\"1a3bf7d3\" data-element_type=\"container\" data-e-type=\"container\" data-settings=\"{&quot;jet_parallax_layout_list&quot;:[]}\">\n\t\t\t\t\t<div class=\"e-con-inner\">\n\t\t\t\t<div class=\"elementor-element elementor-element-2db76c24 elementor-widget elementor-widget-text-editor\" data-id=\"2db76c24\" data-element_type=\"widget\" data-e-type=\"widget\" data-widget_type=\"text-editor.default\">\n\t\t\t\t<div class=\"elementor-widget-container\">\n\t\t\t\t\t\t\t\t\t<p><span style=\"font-weight: 400;\">MOLETOM FLANELADO RAMADO combina algod\u00e3o e poli\u00e9ster em uma base com toque macio e bom isolamento t\u00e9rmico. Sua estrutura favorece o conforto em pe\u00e7as para frio moderado. Conta com tecnologia antipilling, que reduz a forma\u00e7\u00e3o de bolinhas e contribui para a durabilidade e manuten\u00e7\u00e3o da apar\u00eancia ao longo do uso.<\/span><\/p>\t\t\t\t\t\t\t\t<\/div>\n\t\t\t\t<\/div>\n\t\t\t\t\t<\/div>\n\t\t\t\t<\/div>\n\t\t\t\t<\/div>\n\t\t","protected":false},"excerpt":{"rendered":"<p>MOLETOM FLANELADO RAMADO combina algod\u00e3o e poli\u00e9ster em uma base com toque macio e bom isolamento t\u00e9rmico. Sua estrutura favorece o conforto em pe\u00e7as para frio moderado. Conta com tecnologia antipilling, que reduz a forma\u00e7\u00e3o de bolinhas e contribui para a durabilidade e manuten\u00e7\u00e3o da apar\u00eancia ao longo do uso.<\/p>\n","protected":false},"featured_media":23766,"template":"","product_brand":[],"product_cat":[43],"product_tag":[],"class_list":{"0":"post-6180","1":"product","2":"type-product","3":"status-publish","4":"has-post-thumbnail","6":"product_cat-algodao-c-poliester","8":"first","9":"instock","10":"shipping-taxable","11":"product-type-simple"},"_links":{"self":[{"href":"https:\/\/fiosulmalhas.com.br\/site\/wp-json\/wp\/v2\/product\/6180","targetHints":{"allow":["GET"]}}],"collection":[{"href":"https:\/\/fiosulmalhas.com.br\/site\/wp-json\/wp\/v2\/product"}],"about":[{"href":"https:\/\/fiosulmalhas.com.br\/site\/wp-json\/wp\/v2\/types\/product"}],"version-history":[{"count":22,"href":"https:\/\/fiosulmalhas.com.br\/site\/wp-json\/wp\/v2\/product\/6180\/revisions"}],"predecessor-version":[{"id":25031,"href":"https:\/\/fiosulmalhas.com.br\/site\/wp-json\/wp\/v2\/product\/6180\/revisions\/25031"}],"wp:featuredmedia":[{"embeddable":true,"href":"https:\/\/fiosulmalhas.com.br\/site\/wp-json\/wp\/v2\/media\/23766"}],"wp:attachment":[{"href":"https:\/\/fiosulmalhas.com.br\/site\/wp-json\/wp\/v2\/media?parent=6180"}],"wp:term":[{"taxonomy":"product_brand","embeddable":true,"href":"https:\/\/fiosulmalhas.com.br\/site\/wp-json\/wp\/v2\/product_brand?post=6180"},{"taxonomy":"product_cat","embeddable":true,"href":"https:\/\/fiosulmalhas.com.br\/site\/wp-json\/wp\/v2\/product_cat?post=6180"},{"taxonomy":"product_tag","embeddable":true,"href":"https:\/\/fiosulmalhas.com.br\/site\/wp-json\/wp\/v2\/product_tag?post=6180"}],"curies":[{"name":"wp","href":"https:\/\/api.w.org\/{rel}","templated":true}]}}