{"id":6182,"date":"2022-10-11T22:58:35","date_gmt":"2022-10-11T22:58:35","guid":{"rendered":"https:\/\/fiosulmalhas.com.br\/site\/index.php\/product\/481-moletom-suedine-mescla\/"},"modified":"2026-03-12T16:47:46","modified_gmt":"2026-03-12T16:47:46","slug":"481","status":"publish","type":"product","link":"https:\/\/fiosulmalhas.com.br\/site\/produto\/481\/","title":{"rendered":"481 MOLETOM SUEDINE MESCLA"},"content":{"rendered":"<p>O Moletom Suedine possui constru\u00e7\u00e3o dupla face, que resulta em uma malha mais robusta e vers\u00e1til, podendo ser utilizada de ambos os lados. Com excelente acabamento e \u00f3tima costurabilidade, esse artigo \u00e9 caracterizado por seu toque extremamente suave e macio, proporcionando conforto para suas cole\u00e7\u00f5es.<\/p>\n<p>&nbsp;<\/p>\n","protected":false},"excerpt":{"rendered":"<p><img decoding=\"async\" class=\"alignnone wp-image-6385\" src=\"https:\/\/fiosulmalhas.com.br\/site\/wp-content\/uploads\/2022\/10\/Ativo-1@4x.png\" alt=\"\" width=\"92\" height=\"123\" \/><\/p>\n<p><strong>Composi\u00e7\u00e3o:<\/strong> 62% POLI\u00c9STER<\/p>\n<p>38% ALGOD\u00c3O<br \/>\n<strong>Largura:<\/strong> 1.65 m<br \/>\n<strong>Gramatura:<\/strong> 300 g\/m\u00b2<br \/>\n<strong>Rendimento:<\/strong> 2.02 m\/kg<\/p>\n<p><img fetchpriority=\"high\" decoding=\"async\" class=\"alignnone wp-image-6534 size-medium\" src=\"https:\/\/fiosulmalhas.com.br\/site\/wp-content\/uploads\/2022\/10\/cores-481-300x233.jpg\" alt=\"\" width=\"300\" height=\"233\" \/><\/p>\n","protected":false},"featured_media":24190,"template":"","product_brand":[],"product_cat":[187],"product_tag":[],"class_list":{"0":"post-6182","1":"product","2":"type-product","3":"status-publish","4":"has-post-thumbnail","6":"product_cat-ultima-oportunidade","8":"first","9":"instock","10":"shipping-taxable","11":"product-type-simple"},"_links":{"self":[{"href":"https:\/\/fiosulmalhas.com.br\/site\/wp-json\/wp\/v2\/product\/6182","targetHints":{"allow":["GET"]}}],"collection":[{"href":"https:\/\/fiosulmalhas.com.br\/site\/wp-json\/wp\/v2\/product"}],"about":[{"href":"https:\/\/fiosulmalhas.com.br\/site\/wp-json\/wp\/v2\/types\/product"}],"version-history":[{"count":11,"href":"https:\/\/fiosulmalhas.com.br\/site\/wp-json\/wp\/v2\/product\/6182\/revisions"}],"predecessor-version":[{"id":13787,"href":"https:\/\/fiosulmalhas.com.br\/site\/wp-json\/wp\/v2\/product\/6182\/revisions\/13787"}],"wp:featuredmedia":[{"embeddable":true,"href":"https:\/\/fiosulmalhas.com.br\/site\/wp-json\/wp\/v2\/media\/24190"}],"wp:attachment":[{"href":"https:\/\/fiosulmalhas.com.br\/site\/wp-json\/wp\/v2\/media?parent=6182"}],"wp:term":[{"taxonomy":"product_brand","embeddable":true,"href":"https:\/\/fiosulmalhas.com.br\/site\/wp-json\/wp\/v2\/product_brand?post=6182"},{"taxonomy":"product_cat","embeddable":true,"href":"https:\/\/fiosulmalhas.com.br\/site\/wp-json\/wp\/v2\/product_cat?post=6182"},{"taxonomy":"product_tag","embeddable":true,"href":"https:\/\/fiosulmalhas.com.br\/site\/wp-json\/wp\/v2\/product_tag?post=6182"}],"curies":[{"name":"wp","href":"https:\/\/api.w.org\/{rel}","templated":true}]}}