{"id":8483,"date":"2023-03-23T20:15:04","date_gmt":"2023-03-23T20:15:04","guid":{"rendered":"https:\/\/fiosulmalhas.com.br\/site\/?post_type=product&#038;p=8483"},"modified":"2026-03-12T17:05:40","modified_gmt":"2026-03-12T17:05:40","slug":"731-suplex-bariloche-thermo","status":"publish","type":"product","link":"https:\/\/fiosulmalhas.com.br\/site\/produto\/731-suplex-bariloche-thermo\/","title":{"rendered":"731 BARILOCHE THERMO"},"content":{"rendered":"<p>A malha Bariloche Thermo \u00e9 reconhecida por sua avan\u00e7ada prote\u00e7\u00e3o t\u00e9rmica e toque suave, proporcionando conforto superior em diversas situa\u00e7\u00f5es. Composta por poli\u00e9ster e elastano, ela oferece alta durabilidade, elasticidade e resist\u00eancia, sendo ideal para pe\u00e7as de moda casual, fitness e uniformes. Com prote\u00e7\u00e3o UV 50+ e tecnologia respir\u00e1vel Dry, mant\u00e9m a pele seca e garante excelente desempenho t\u00e9rmico, mesmo em climas frios. Vers\u00e1til, a Bariloche Thermo se adapta a diferentes segmentos, como moda fashion e infantil, sem comprometer estilo e funcionalidade.<\/p>\n","protected":false},"excerpt":{"rendered":"<p>A malha Bariloche Thermo \u00e9 reconhecida por sua avan\u00e7ada prote\u00e7\u00e3o t\u00e9rmica e toque suave, proporcionando conforto superior em diversas situa\u00e7\u00f5es. Composta por poli\u00e9ster e elastano, ela oferece alta durabilidade, elasticidade e resist\u00eancia, sendo ideal para pe\u00e7as de moda casual, fitness e uniformes. Com prote\u00e7\u00e3o UV 50+ e tecnologia respir\u00e1vel Dry, mant\u00e9m a pele seca e garante excelente desempenho t\u00e9rmico, mesmo em climas frios. Vers\u00e1til, a Bariloche Thermo se adapta a diferentes segmentos, como moda fashion e infantil, sem comprometer estilo e funcionalidade.<\/p>\n","protected":false},"featured_media":24194,"template":"","product_brand":[],"product_cat":[187],"product_tag":[],"class_list":{"0":"post-8483","1":"product","2":"type-product","3":"status-publish","4":"has-post-thumbnail","6":"product_cat-ultima-oportunidade","8":"first","9":"instock","10":"shipping-taxable","11":"product-type-simple"},"_links":{"self":[{"href":"https:\/\/fiosulmalhas.com.br\/site\/wp-json\/wp\/v2\/product\/8483","targetHints":{"allow":["GET"]}}],"collection":[{"href":"https:\/\/fiosulmalhas.com.br\/site\/wp-json\/wp\/v2\/product"}],"about":[{"href":"https:\/\/fiosulmalhas.com.br\/site\/wp-json\/wp\/v2\/types\/product"}],"version-history":[{"count":9,"href":"https:\/\/fiosulmalhas.com.br\/site\/wp-json\/wp\/v2\/product\/8483\/revisions"}],"predecessor-version":[{"id":13852,"href":"https:\/\/fiosulmalhas.com.br\/site\/wp-json\/wp\/v2\/product\/8483\/revisions\/13852"}],"wp:featuredmedia":[{"embeddable":true,"href":"https:\/\/fiosulmalhas.com.br\/site\/wp-json\/wp\/v2\/media\/24194"}],"wp:attachment":[{"href":"https:\/\/fiosulmalhas.com.br\/site\/wp-json\/wp\/v2\/media?parent=8483"}],"wp:term":[{"taxonomy":"product_brand","embeddable":true,"href":"https:\/\/fiosulmalhas.com.br\/site\/wp-json\/wp\/v2\/product_brand?post=8483"},{"taxonomy":"product_cat","embeddable":true,"href":"https:\/\/fiosulmalhas.com.br\/site\/wp-json\/wp\/v2\/product_cat?post=8483"},{"taxonomy":"product_tag","embeddable":true,"href":"https:\/\/fiosulmalhas.com.br\/site\/wp-json\/wp\/v2\/product_tag?post=8483"}],"curies":[{"name":"wp","href":"https:\/\/api.w.org\/{rel}","templated":true}]}}