{"id":8496,"date":"2023-03-24T11:50:52","date_gmt":"2023-03-24T11:50:52","guid":{"rendered":"https:\/\/fiosulmalhas.com.br\/site\/?post_type=product&#038;p=8496"},"modified":"2026-03-12T17:09:05","modified_gmt":"2026-03-12T17:09:05","slug":"809-tela-versa","status":"publish","type":"product","link":"https:\/\/fiosulmalhas.com.br\/site\/produto\/809-tela-versa\/","title":{"rendered":"809 TELA VERSA"},"content":{"rendered":"<p>A Tela Versa combina leveza e resist\u00eancia com um toque agrad\u00e1vel, sendo ideal para moda praia, fitness e casual. Com tecnologia Dry, sublim\u00e1vel e trabalhada com falso vazado, ela proporciona frescor e alta performance, tornando-se perfeita para roupas esportivas, sa\u00eddas de banho e detalhes modernos em artigos de moda. Sua constru\u00e7\u00e3o com desenhos em linhas retas e caimento fluido diferencia essa base de outras, permitindo sua aplica\u00e7\u00e3o em diversos segmentos, oferecendo conforto e praticidade.<\/p>\n","protected":false},"excerpt":{"rendered":"<p>A Tela Versa combina leveza e resist\u00eancia com um toque agrad\u00e1vel, sendo ideal para moda praia, fitness e casual. Com tecnologia Dry, sublim\u00e1vel e trabalhada com falso vazado, ela proporciona frescor e alta performance, tornando-se perfeita para roupas esportivas, sa\u00eddas de banho e detalhes modernos em artigos de moda. Sua constru\u00e7\u00e3o com desenhos em linhas retas e caimento fluido diferencia essa base de outras, permitindo sua aplica\u00e7\u00e3o em diversos segmentos, oferecendo conforto e praticidade.<\/p>\n","protected":false},"featured_media":24196,"template":"","product_brand":[],"product_cat":[187],"product_tag":[],"class_list":{"0":"post-8496","1":"product","2":"type-product","3":"status-publish","4":"has-post-thumbnail","6":"product_cat-ultima-oportunidade","8":"first","9":"instock","10":"shipping-taxable","11":"product-type-simple"},"_links":{"self":[{"href":"https:\/\/fiosulmalhas.com.br\/site\/wp-json\/wp\/v2\/product\/8496","targetHints":{"allow":["GET"]}}],"collection":[{"href":"https:\/\/fiosulmalhas.com.br\/site\/wp-json\/wp\/v2\/product"}],"about":[{"href":"https:\/\/fiosulmalhas.com.br\/site\/wp-json\/wp\/v2\/types\/product"}],"version-history":[{"count":7,"href":"https:\/\/fiosulmalhas.com.br\/site\/wp-json\/wp\/v2\/product\/8496\/revisions"}],"predecessor-version":[{"id":13854,"href":"https:\/\/fiosulmalhas.com.br\/site\/wp-json\/wp\/v2\/product\/8496\/revisions\/13854"}],"wp:featuredmedia":[{"embeddable":true,"href":"https:\/\/fiosulmalhas.com.br\/site\/wp-json\/wp\/v2\/media\/24196"}],"wp:attachment":[{"href":"https:\/\/fiosulmalhas.com.br\/site\/wp-json\/wp\/v2\/media?parent=8496"}],"wp:term":[{"taxonomy":"product_brand","embeddable":true,"href":"https:\/\/fiosulmalhas.com.br\/site\/wp-json\/wp\/v2\/product_brand?post=8496"},{"taxonomy":"product_cat","embeddable":true,"href":"https:\/\/fiosulmalhas.com.br\/site\/wp-json\/wp\/v2\/product_cat?post=8496"},{"taxonomy":"product_tag","embeddable":true,"href":"https:\/\/fiosulmalhas.com.br\/site\/wp-json\/wp\/v2\/product_tag?post=8496"}],"curies":[{"name":"wp","href":"https:\/\/api.w.org\/{rel}","templated":true}]}}